{"id":477,"date":"2025-09-27T14:20:39","date_gmt":"2025-09-27T12:20:39","guid":{"rendered":"https:\/\/isabellerochemars.fr\/?page_id=477"},"modified":"2025-09-27T14:51:29","modified_gmt":"2025-09-27T12:51:29","slug":"curriculum-vitae","status":"publish","type":"page","link":"https:\/\/isabellerochemars.fr\/?page_id=477","title":{"rendered":"Curriculum vit\u00e6"},"content":{"rendered":"\n<h4>Expositions personnelles<\/h4>\n\n\n\n<p><strong>2025<\/strong><\/p>\n\n\n\n<ul><li>Exposition permanente \u00e0 l&rsquo;Aquarium de la Station Biologique de Roscoff (29), \u00e0 partir de l&rsquo;\u00e9t\u00e9 2025<\/li><\/ul>\n\n\n\n<p><strong>2024<\/strong><\/p>\n\n\n\n<ul><li>R\u00e9sidence d&rsquo;un mois \u00e0 <a href=\"https:\/\/www.l-traverse.com\/\" target=\"_blank\" rel=\"noreferrer noopener\">La Traverse<\/a> \u00e0 Argenteuil (95), avril 2024<\/li><\/ul>\n\n\n\n<p><strong>2022<\/strong><\/p>\n\n\n\n<ul><li>Exposition des <em>Microscopiques reliques<\/em> dans le forum du <a rel=\"noreferrer noopener\" href=\"https:\/\/mucem.org\/\" target=\"_blank\">Mucem<\/a> \u00e0 Marseille (13) <\/li><\/ul>\n\n\n\n<p><strong>2022<\/strong><\/p>\n\n\n\n<ul><li>Exposition personnelle <em>Chroniques nannofossiles<\/em> au <a href=\"https:\/\/avignon-tourisme.com\/activites\/museum-requien-musee-dhistoire-naturelle\/\" target=\"_blank\" rel=\"noreferrer noopener\">Mus\u00e9um Requien<\/a> \u00e0 Avignon (84), du 23 ao\u00fbt au 24 septembre 2022.<\/li><\/ul>\n\n\n\n<p><strong>2021<\/strong><\/p>\n\n\n\n<ul><li>Exposition personnelle <em>Microscopiques reliques<\/em> avec la <a href=\"https:\/\/www.aixenprovence.fr\/Museum-d-histoire-naturelle-1039\">Mus\u00e9um d&rsquo;Histoire Naturelle <\/a>au Mus\u00e9e des Tapisseries d&rsquo;Aix-en-Provence (13), du 13 septembre au 7 novembre 2021<\/li><\/ul>\n\n\n\n<p><strong>2019<\/strong><\/p>\n\n\n\n<ul><li>Exposition personnelle <em><a href=\"https:\/\/institutfrancais.hr\/fr\/exposition-microscopiques-reliques-isabelle-rochemars\/\" target=\"_blank\" rel=\"noreferrer noopener\">Microscopiques reliques<\/a><\/em> \u00e0 l\u2019<a rel=\"noreferrer noopener\" aria-label=\" (s\u2019ouvre dans un nouvel onglet)\" href=\"https:\/\/institutfrancais.hr\/fr\/accueil\" target=\"_blank\">Institut fran\u00e7ais<\/a> de Croatie, du 28 ao\u00fbt au 8 septembre 2019, Zagreb (Croatie)<\/li><\/ul>\n\n\n\n<p><strong>2010<\/strong><\/p>\n\n\n\n<ul><li><em>Les Mirages<\/em>, Galerie Susini, Aix-en-Provence (13)<\/li><\/ul>\n\n\n\n<p><strong>2006<\/strong><\/p>\n\n\n\n<ul><li><em>Le Bataillon<\/em>, Espace \u00c9cureuil, Marseille (13)<\/li><\/ul>\n\n\n\n<p><strong>2003<\/strong><\/p>\n\n\n\n<ul><li>Espace Gaillane, Avignon (84)<\/li><\/ul>\n\n\n\n<p><strong>2002<\/strong><\/p>\n\n\n\n<ul><li><em>Les Armures<\/em>, Galerie Susini, Aix-en-Provence (13)<\/li><\/ul>\n\n\n\n<h4>Expositions collectives<\/h4>\n\n\n\n<p><strong>2025<\/strong><\/p>\n\n\n\n<ul><li>Exposition collective <em>TERRE EAU<\/em> chez <a rel=\"noreferrer noopener\" href=\"https:\/\/www.emmelieadilon.fr\/\" target=\"_blank\">Emm\u00e9lie Adilon<\/a> \u00e0 Vienne (38),\u00a0juin 2025<\/li><\/ul>\n\n\n\n<p><strong>2023<\/strong><\/p>\n\n\n\n<ul><li>Exposition collective \u00e0 la Alte F\u00e4rberei, Herborn (Allemagne)<\/li><\/ul>\n\n\n\n<p><strong>2018<\/strong><\/p>\n\n\n\n<ul><li><em>Quelle couleur est-il ?<\/em>, en collaboration avec l\u2019artiste <a rel=\"noreferrer noopener\" aria-label=\"Fran\u00e7oise Roueff (s\u2019ouvre dans un nouvel onglet)\" href=\"https:\/\/francoise-roueff.odexpo.com\" target=\"_blank\">Fran\u00e7oise Roueff<\/a>, <a href=\"https:\/\/www.couleur-garance.com\" target=\"_blank\" rel=\"noreferrer noopener\" aria-label=\"Jardin Conservatoire des Plantes Tinctoriales (s\u2019ouvre dans un nouvel onglet)\">Jardin Conservatoire des Plantes Tinctoriales<\/a>, Lauris (84)  <\/li><li>Exposition autour du recyclage, Espace culturel de La Laiterie, Cadenet (84)<\/li><\/ul>\n\n\n\n<p><strong>2016<\/strong><\/p>\n\n\n\n<ul><li>Cahors Juin Jardins, Cahors (46) <\/li><\/ul>\n\n\n\n<p><strong>2015<\/strong><\/p>\n\n\n\n<ul><li> Festival des jardins synth\u00e9tiques, Mus\u00e9e Saint-Raymond, Toulouse (31)  <\/li><\/ul>\n\n\n\n<p><strong>2014<\/strong><\/p>\n\n\n\n<ul><li>Co-fondation du collectif d\u2019artistes <em>Gordon.W.Ever<\/em>, Cadenet (84)<\/li><\/ul>\n\n\n\n<p><strong>2013<\/strong><\/p>\n\n\n\n<ul><li><em>PAPerART<\/em>, Galerie Susini, Aix-en-Provence (13)<\/li><\/ul>\n\n\n\n<p><strong>2012<\/strong><\/p>\n\n\n\n<ul><li><em>Jardin dangereux<\/em>, Ch\u00e2teau de Fargues, Avignon (84)<\/li><\/ul>\n\n\n\n<p><strong>2011<\/strong><\/p>\n\n\n\n<ul><li><em>La Trocade<\/em>, organis\u00e9e par Mouv\u2019art et Marseille 2013 OFF, Marseille (13)<\/li><li>Ouvertures des Ateliers d\u2019Artistes de Marseille, Ch\u00e2teau de Servi\u00e8res, Marseille (13)<\/li><li><em>Une fraise dans la gueule du loup<\/em>, La Robertsau, Rumilly (74)<\/li><li>\u00ab \u00c0 partir de\u2026 <em>Il mondo nuevo de Giandomenico Tiepolo<\/em> \u00bb, Art-connexion, Tulle (19)<\/li><\/ul>\n\n\n\n<p><strong>2010<\/strong><\/p>\n\n\n\n<ul><li><em>Promenons-nous dans les bois\u2026<\/em>, Dr\u00f4les d\u2019artistes, Ch\u00e2teau des Barrenques, Lamotte-du-Rh\u00f4ne (84)<\/li><\/ul>\n\n\n\n<p><strong>2009<\/strong><\/p>\n\n\n\n<ul><li><em>Made in China<\/em>, Chambre de commerce et d\u2019industrie Marseille-Provence, Palais de la Bourse, Marseille (13)<\/li><\/ul>\n\n\n\n<p><strong>2005<\/strong><\/p>\n\n\n\n<ul><li>Biennale d\u2019Art Contemporain, Corbeil-Essonnes (91)<\/li><li><em>Galerie Urbaine<\/em>, Aix-en-Provence (13)<\/li><\/ul>\n\n\n\n<p><strong>2004<\/strong><\/p>\n\n\n\n<ul><li><em>Atelier ouverts<\/em>, Aix-en-Provence (13)<\/li><li>Concours Franco-Suisse, Divonne-les-Bains (01)<\/li><\/ul>\n\n\n\n<h4>Divers<\/h4>\n\n\n\n<p>Intervention au Mucem le 17 mars 2022 dans le cadre du cycle de rencontres interdisciplinaires <em><a rel=\"noreferrer noopener\" href=\"https:\/\/www.univ-amu.fr\/fr\/public\/actualites\/save-date-lurgence-climatique-en-mediterraneeet-nous\" target=\"_blank\">L&rsquo;urgence climatique en M\u00e9diterran\u00e9e&#8230; et nous<\/a><\/em> organis\u00e9e par Aix-Marseille Universit\u00e9 au Mucem \u00e0 Marseille (13) \/ Pr\u00e9sentation des <em>Reliquaires<\/em> et des <em>Microscopiques Reliques<\/em> <\/p>\n\n\n\n<p>Interview d\u2019Isabelle RocheMars sur&nbsp;<a rel=\"noreferrer noopener\" href=\"http:\/\/www.radiogrenouille.com\" target=\"_blank\">Radio Grenouille<\/a>, dans le cadre de la Nuit Europ\u00e9enne des Chercheurs 2021&nbsp;<em>(\u00e0 1:04:30)<\/em> <\/p>\n\n\n\n<p>\u00ab Isabelle RocheMars, 220 millions d\u2019ann\u00e9es apr\u00e8s \u00bb, Entretien avec Jacqueline Caux, <em><a href=\"https:\/\/www.artpress.com\/produit\/490-juillet-aout-2021\/\" target=\"_blank\" rel=\"noreferrer noopener\">ArtPress<\/a><\/em>, n\u00b0 490, Juillet-Ao\u00fbt 2021, <\/p>\n\n\n\n<p>Membre du collectif d\u2019artistes <em>Gordon.W.Ever<\/em><\/p>\n\n\n\n<p>Laur\u00e9ate du Concours Franco-Suisse de Divonne-les-Bains (3<sup>e<\/sup>\nprix)<\/p>\n\n\n\n<p>S\u00e9lection pour le prix de la CCI de Marseille-Provence<\/p>\n\n\n\n<p>Collection de la Fondation \u00c9cureuil de Marseille \/ <em>Le Bataillon<\/em><\/p>\n\n\n\n<p>Collection de Vulli, Usine de Rumilly \/ <em>Les origines de la Girafe S<\/em><em><\/em><\/p>\n\n\n\n<h4>Catalogues<\/h4>\n\n\n\n<p>Biennale de Corbeil-Essonnes \/ 2005<\/p>\n\n\n\n<p>CCI de Marseille-Provence \/ 2009<\/p>\n\n\n\n<p>Galerie Susini \/ 2011<\/p>\n\n\n\n<h4>\u00c9dition<\/h4>\n\n\n\n<p><em>O\u00f9 diable est le loup<\/em>, Les cahiers du Corbeau m\u00e9dus\u00e9, Marc Pessin \u00e9dition \u00ab Le Verbe et l\u2019Empreinte \u00bb<\/p>\n","protected":false},"excerpt":{"rendered":"<p>Expositions personnelles 2025 Exposition permanente \u00e0 l&rsquo;Aquarium de la Station Biologique de Roscoff (29), \u00e0 partir de l&rsquo;\u00e9t\u00e9 2025 2024 R\u00e9sidence d&rsquo;un mois \u00e0 La Traverse \u00e0 Argenteuil (95), avril 2024 2022 Exposition des Microscopiques reliques dans le forum du Mucem \u00e0 Marseille (13) 2022 Exposition personnelle Chroniques nannofossiles au Mus\u00e9um Requien \u00e0 Avignon (84),<\/p>\n<p class=\"more-link-wrapper\"><a href=\"https:\/\/isabellerochemars.fr\/?page_id=477\" class=\"more-link\">Continue Reading<span class=\"screen-reader-text\"> \u00ab\u00a0Curriculum vit\u00e6\u00a0\u00bb<\/span><\/a><\/p>\n","protected":false},"author":1,"featured_media":0,"parent":0,"menu_order":0,"comment_status":"closed","ping_status":"closed","template":"","meta":[],"_links":{"self":[{"href":"https:\/\/isabellerochemars.fr\/index.php?rest_route=\/wp\/v2\/pages\/477"}],"collection":[{"href":"https:\/\/isabellerochemars.fr\/index.php?rest_route=\/wp\/v2\/pages"}],"about":[{"href":"https:\/\/isabellerochemars.fr\/index.php?rest_route=\/wp\/v2\/types\/page"}],"author":[{"embeddable":true,"href":"https:\/\/isabellerochemars.fr\/index.php?rest_route=\/wp\/v2\/users\/1"}],"replies":[{"embeddable":true,"href":"https:\/\/isabellerochemars.fr\/index.php?rest_route=%2Fwp%2Fv2%2Fcomments&post=477"}],"version-history":[{"count":5,"href":"https:\/\/isabellerochemars.fr\/index.php?rest_route=\/wp\/v2\/pages\/477\/revisions"}],"predecessor-version":[{"id":504,"href":"https:\/\/isabellerochemars.fr\/index.php?rest_route=\/wp\/v2\/pages\/477\/revisions\/504"}],"wp:attachment":[{"href":"https:\/\/isabellerochemars.fr\/index.php?rest_route=%2Fwp%2Fv2%2Fmedia&parent=477"}],"curies":[{"name":"wp","href":"https:\/\/api.w.org\/{rel}","templated":true}]}}

Curriculum vitæ

<h4>Expositions personnelles</h4>



<p><strong>2025</strong></p>



<ul><li>Exposition permanente à l&rsquo;Aquarium de la Station Biologique de Roscoff (29), à partir de l&rsquo;été 2025</li></ul>



<p><strong>2024</strong></p>



<ul><li>Résidence d&rsquo;un mois à <a href="https://www.l-traverse.com/" target="_blank" rel="noreferrer noopener">La Traverse</a> à Argenteuil (95), avril 2024</li></ul>



<p><strong>2022</strong></p>



<ul><li>Exposition des <em>Microscopiques reliques</em> dans le forum du <a rel="noreferrer noopener" href="https://mucem.org/" target="_blank">Mucem</a> à Marseille (13) </li></ul>



<p><strong>2022</strong></p>



<ul><li>Exposition personnelle <em>Chroniques nannofossiles</em> au <a href="https://avignon-tourisme.com/activites/museum-requien-musee-dhistoire-naturelle/" target="_blank" rel="noreferrer noopener">Muséum Requien</a> à Avignon (84), du 23 août au 24 septembre 2022.</li></ul>



<p><strong>2021</strong></p>



<ul><li>Exposition personnelle <em>Microscopiques reliques</em> avec la <a href="https://www.aixenprovence.fr/Museum-d-histoire-naturelle-1039">Muséum d&rsquo;Histoire Naturelle </a>au Musée des Tapisseries d&rsquo;Aix-en-Provence (13), du 13 septembre au 7 novembre 2021</li></ul>



<p><strong>2019</strong></p>



<ul><li>Exposition personnelle <em><a href="https://institutfrancais.hr/fr/exposition-microscopiques-reliques-isabelle-rochemars/" target="_blank" rel="noreferrer noopener">Microscopiques reliques</a></em> à l’<a rel="noreferrer noopener" aria-label=" (s’ouvre dans un nouvel onglet)" href="https://institutfrancais.hr/fr/accueil" target="_blank">Institut français</a> de Croatie, du 28 août au 8 septembre 2019, Zagreb (Croatie)</li></ul>



<p><strong>2010</strong></p>



<ul><li><em>Les Mirages</em>, Galerie Susini, Aix-en-Provence (13)</li></ul>



<p><strong>2006</strong></p>



<ul><li><em>Le Bataillon</em>, Espace Écureuil, Marseille (13)</li></ul>



<p><strong>2003</strong></p>



<ul><li>Espace Gaillane, Avignon (84)</li></ul>



<p><strong>2002</strong></p>



<ul><li><em>Les Armures</em>, Galerie Susini, Aix-en-Provence (13)</li></ul>



<h4>Expositions collectives</h4>



<p><strong>2025</strong></p>



<ul><li>Exposition collective <em>TERRE EAU</em> chez <a rel="noreferrer noopener" href="https://www.emmelieadilon.fr/" target="_blank">Emmélie Adilon</a> à Vienne (38), juin 2025</li></ul>



<p><strong>2023</strong></p>



<ul><li>Exposition collective à la Alte Färberei, Herborn (Allemagne)</li></ul>



<p><strong>2018</strong></p>



<ul><li><em>Quelle couleur est-il ?</em>, en collaboration avec l’artiste <a rel="noreferrer noopener" aria-label="Françoise Roueff (s’ouvre dans un nouvel onglet)" href="https://francoise-roueff.odexpo.com" target="_blank">Françoise Roueff</a>, <a href="https://www.couleur-garance.com" target="_blank" rel="noreferrer noopener" aria-label="Jardin Conservatoire des Plantes Tinctoriales (s’ouvre dans un nouvel onglet)">Jardin Conservatoire des Plantes Tinctoriales</a>, Lauris (84)  </li><li>Exposition autour du recyclage, Espace culturel de La Laiterie, Cadenet (84)</li></ul>



<p><strong>2016</strong></p>



<ul><li>Cahors Juin Jardins, Cahors (46) </li></ul>



<p><strong>2015</strong></p>



<ul><li> Festival des jardins synthétiques, Musée Saint-Raymond, Toulouse (31)  </li></ul>



<p><strong>2014</strong></p>



<ul><li>Co-fondation du collectif d’artistes <em>Gordon.W.Ever</em>, Cadenet (84)</li></ul>



<p><strong>2013</strong></p>



<ul><li><em>PAPerART</em>, Galerie Susini, Aix-en-Provence (13)</li></ul>



<p><strong>2012</strong></p>



<ul><li><em>Jardin dangereux</em>, Château de Fargues, Avignon (84)</li></ul>



<p><strong>2011</strong></p>



<ul><li><em>La Trocade</em>, organisée par Mouv’art et Marseille 2013 OFF, Marseille (13)</li><li>Ouvertures des Ateliers d’Artistes de Marseille, Château de Servières, Marseille (13)</li><li><em>Une fraise dans la gueule du loup</em>, La Robertsau, Rumilly (74)</li><li>« À partir de… <em>Il mondo nuevo de Giandomenico Tiepolo</em> », Art-connexion, Tulle (19)</li></ul>



<p><strong>2010</strong></p>



<ul><li><em>Promenons-nous dans les bois…</em>, Drôles d’artistes, Château des Barrenques, Lamotte-du-Rhône (84)</li></ul>



<p><strong>2009</strong></p>



<ul><li><em>Made in China</em>, Chambre de commerce et d’industrie Marseille-Provence, Palais de la Bourse, Marseille (13)</li></ul>



<p><strong>2005</strong></p>



<ul><li>Biennale d’Art Contemporain, Corbeil-Essonnes (91)</li><li><em>Galerie Urbaine</em>, Aix-en-Provence (13)</li></ul>



<p><strong>2004</strong></p>



<ul><li><em>Atelier ouverts</em>, Aix-en-Provence (13)</li><li>Concours Franco-Suisse, Divonne-les-Bains (01)</li></ul>



<h4>Divers</h4>



<p>Intervention au Mucem le 17 mars 2022 dans le cadre du cycle de rencontres interdisciplinaires <em><a rel="noreferrer noopener" href="https://www.univ-amu.fr/fr/public/actualites/save-date-lurgence-climatique-en-mediterraneeet-nous" target="_blank">L&rsquo;urgence climatique en Méditerranée&#8230; et nous</a></em> organisée par Aix-Marseille Université au Mucem à Marseille (13) / Présentation des <em>Reliquaires</em> et des <em>Microscopiques Reliques</em> </p>



<p>Interview d’Isabelle RocheMars sur&nbsp;<a rel="noreferrer noopener" href="http://www.radiogrenouille.com" target="_blank">Radio Grenouille</a>, dans le cadre de la Nuit Européenne des Chercheurs 2021&nbsp;<em>(à 1:04:30)</em> </p>



<p>« Isabelle RocheMars, 220 millions d’années après », Entretien avec Jacqueline Caux, <em><a href="https://www.artpress.com/produit/490-juillet-aout-2021/" target="_blank" rel="noreferrer noopener">ArtPress</a></em>, n° 490, Juillet-Août 2021, </p>



<p>Membre du collectif d’artistes <em>Gordon.W.Ever</em></p>



<p>Lauréate du Concours Franco-Suisse de Divonne-les-Bains (3<sup>e</sup>
prix)</p>



<p>Sélection pour le prix de la CCI de Marseille-Provence</p>



<p>Collection de la Fondation Écureuil de Marseille / <em>Le Bataillon</em></p>



<p>Collection de Vulli, Usine de Rumilly / <em>Les origines de la Girafe S</em><em></em></p>



<h4>Catalogues</h4>



<p>Biennale de Corbeil-Essonnes / 2005</p>



<p>CCI de Marseille-Provence / 2009</p>



<p>Galerie Susini / 2011</p>



<h4>Édition</h4>



<p><em>Où diable est le loup</em>, Les cahiers du Corbeau médusé, Marc Pessin édition « Le Verbe et l’Empreinte »</p>

<p>Expositions personnelles 2025 Exposition permanente à l&rsquo;Aquarium de la Station Biologique de Roscoff (29), à partir de l&rsquo;été 2025 2024 Résidence d&rsquo;un mois à La Traverse à Argenteuil (95), avril 2024 2022 Exposition des Microscopiques reliques dans le forum du Mucem à Marseille (13) 2022 Exposition personnelle Chroniques nannofossiles au Muséum Requien à Avignon (84),</p>
<p class="more-link-wrapper"><a href="https://isabellerochemars.fr/?page_id=477" class="more-link">Continue Reading<span class="screen-reader-text"> « Curriculum vitæ »</span></a></p>
