{"id":223,"date":"2019-04-18T18:30:36","date_gmt":"2019-04-18T16:30:36","guid":{"rendered":"http:\/\/isabelle.rochemars.free.fr\/?page_id=223"},"modified":"2019-04-18T18:30:36","modified_gmt":"2019-04-18T16:30:36","slug":"gordon-w-ever","status":"publish","type":"page","link":"https:\/\/isabellerochemars.fr\/?page_id=223","title":{"rendered":"Gordon.W.Ever"},"content":{"rendered":"\n<p><\/p>\n\n\n\n<p><strong><a href=\"https:\/\/www.facebook.com\/Gordon.W.Ever\/\" target=\"_blank\" rel=\"noreferrer noopener\" aria-label=\"Gordon.W.Ever (s\u2019ouvre dans un nouvel onglet)\">Gordon.W.Ever<\/a><\/strong>\u00a0est un collectif d\u2019artistes du Sud Luberon, fond\u00e9 en 2013.\u00a0<\/p>\n\n\n\n<p>Il regroupe les artistes <strong>B\u00e9r\u00e9nice Moli\u00e8re, Estelle Moriconi, Isabelle RocheMars<\/strong> et<strong> Fran\u00e7oise Roueff<\/strong><\/p>\n\n\n\n<p>Ses travaux ont \u00e9t\u00e9 expos\u00e9s :<\/p>\n\n\n\n<ul><li>\u00c0 l\u2019Espace Culturel de La Laiterie, \u00e0 Cadenet (84) en 2017<\/li><li>Aux Moissines, \u00e0 Ansouis (84) en 2013<\/li><\/ul>\n\n\n\n<figure class=\"wp-block-image\"><img loading=\"lazy\" width=\"1024\" height=\"683\" src=\"https:\/\/isabellerochemars.fr\/wp-content\/uploads\/2019\/04\/gordon_1-1024x683.jpg\" alt=\"\" class=\"wp-image-98\" srcset=\"https:\/\/isabellerochemars.fr\/wp-content\/uploads\/2019\/04\/gordon_1-1024x683.jpg 1024w, https:\/\/isabellerochemars.fr\/wp-content\/uploads\/2019\/04\/gordon_1-300x200.jpg 300w, https:\/\/isabellerochemars.fr\/wp-content\/uploads\/2019\/04\/gordon_1-768x512.jpg 768w, https:\/\/isabellerochemars.fr\/wp-content\/uploads\/2019\/04\/gordon_1-1200x800.jpg 1200w, https:\/\/isabellerochemars.fr\/wp-content\/uploads\/2019\/04\/gordon_1.jpg 2048w\" sizes=\"(max-width: 1024px) 100vw, 1024px\" \/><figcaption>Gordon.W.Ever \u00e0 l\u2019Espace Culturel de La Laiterie \/ Cadenet (84)<\/figcaption><\/figure>\n\n\n\n<figure class=\"wp-block-image\"><img loading=\"lazy\" width=\"768\" height=\"1024\" src=\"https:\/\/isabellerochemars.fr\/wp-content\/uploads\/2019\/04\/gordon_2013_1_red-768x1024.jpg\" alt=\"\" class=\"wp-image-100\" srcset=\"https:\/\/isabellerochemars.fr\/wp-content\/uploads\/2019\/04\/gordon_2013_1_red-768x1024.jpg 768w, https:\/\/isabellerochemars.fr\/wp-content\/uploads\/2019\/04\/gordon_2013_1_red-225x300.jpg 225w, https:\/\/isabellerochemars.fr\/wp-content\/uploads\/2019\/04\/gordon_2013_1_red.jpg 1772w\" sizes=\"(max-width: 768px) 100vw, 768px\" \/><figcaption>Mise en sc\u00e8ne de l\u2019Objet I au Vival \/ 2017<\/figcaption><\/figure>\n\n\n\n<figure class=\"wp-block-image\"><img loading=\"lazy\" width=\"1024\" height=\"768\" src=\"https:\/\/isabellerochemars.fr\/wp-content\/uploads\/2019\/04\/gordon_2013_5_red-1024x768.jpg\" alt=\"\" class=\"wp-image-101\" srcset=\"https:\/\/isabellerochemars.fr\/wp-content\/uploads\/2019\/04\/gordon_2013_5_red-1024x768.jpg 1024w, https:\/\/isabellerochemars.fr\/wp-content\/uploads\/2019\/04\/gordon_2013_5_red-300x225.jpg 300w, https:\/\/isabellerochemars.fr\/wp-content\/uploads\/2019\/04\/gordon_2013_5_red-768x576.jpg 768w, https:\/\/isabellerochemars.fr\/wp-content\/uploads\/2019\/04\/gordon_2013_5_red.jpg 1772w\" sizes=\"(max-width: 1024px) 100vw, 1024px\" \/><figcaption>Mise en sc\u00e8ne des Objets B, E, I et F au Vival \/ 2017<\/figcaption><\/figure>\n","protected":false},"excerpt":{"rendered":"<p>Gordon.W.Ever\u00a0est un collectif d\u2019artistes du Sud Luberon, fond\u00e9 en 2013.\u00a0 Il regroupe les artistes B\u00e9r\u00e9nice Moli\u00e8re, Estelle Moriconi, Isabelle RocheMars et Fran\u00e7oise Roueff Ses travaux ont \u00e9t\u00e9 expos\u00e9s : \u00c0 l\u2019Espace Culturel de La Laiterie, \u00e0 Cadenet (84) en 2017 Aux Moissines, \u00e0 Ansouis (84) en 2013<\/p>\n","protected":false},"author":1,"featured_media":99,"parent":0,"menu_order":0,"comment_status":"closed","ping_status":"closed","template":"","meta":[],"_links":{"self":[{"href":"https:\/\/isabellerochemars.fr\/index.php?rest_route=\/wp\/v2\/pages\/223"}],"collection":[{"href":"https:\/\/isabellerochemars.fr\/index.php?rest_route=\/wp\/v2\/pages"}],"about":[{"href":"https:\/\/isabellerochemars.fr\/index.php?rest_route=\/wp\/v2\/types\/page"}],"author":[{"embeddable":true,"href":"https:\/\/isabellerochemars.fr\/index.php?rest_route=\/wp\/v2\/users\/1"}],"replies":[{"embeddable":true,"href":"https:\/\/isabellerochemars.fr\/index.php?rest_route=%2Fwp%2Fv2%2Fcomments&post=223"}],"version-history":[{"count":1,"href":"https:\/\/isabellerochemars.fr\/index.php?rest_route=\/wp\/v2\/pages\/223\/revisions"}],"predecessor-version":[{"id":224,"href":"https:\/\/isabellerochemars.fr\/index.php?rest_route=\/wp\/v2\/pages\/223\/revisions\/224"}],"wp:featuredmedia":[{"embeddable":true,"href":"https:\/\/isabellerochemars.fr\/index.php?rest_route=\/wp\/v2\/media\/99"}],"wp:attachment":[{"href":"https:\/\/isabellerochemars.fr\/index.php?rest_route=%2Fwp%2Fv2%2Fmedia&parent=223"}],"curies":[{"name":"wp","href":"https:\/\/api.w.org\/{rel}","templated":true}]}}

<p></p>



<p><strong><a href="https://www.facebook.com/Gordon.W.Ever/" target="_blank" rel="noreferrer noopener" aria-label="Gordon.W.Ever (s’ouvre dans un nouvel onglet)">Gordon.W.Ever</a></strong> est un collectif d’artistes du Sud Luberon, fondé en 2013. </p>



<p>Il regroupe les artistes <strong>Bérénice Molière, Estelle Moriconi, Isabelle RocheMars</strong> et<strong> Françoise Roueff</strong></p>



<p>Ses travaux ont été exposés :</p>



<ul><li>À l’Espace Culturel de La Laiterie, à Cadenet (84) en 2017</li><li>Aux Moissines, à Ansouis (84) en 2013</li></ul>



<figure class="wp-block-image"><img loading="lazy" width="1024" height="683" src="https://isabellerochemars.fr/wp-content/uploads/2019/04/gordon_1-1024x683.jpg" alt="" class="wp-image-98" srcset="https://isabellerochemars.fr/wp-content/uploads/2019/04/gordon_1-1024x683.jpg 1024w, https://isabellerochemars.fr/wp-content/uploads/2019/04/gordon_1-300x200.jpg 300w, https://isabellerochemars.fr/wp-content/uploads/2019/04/gordon_1-768x512.jpg 768w, https://isabellerochemars.fr/wp-content/uploads/2019/04/gordon_1-1200x800.jpg 1200w, https://isabellerochemars.fr/wp-content/uploads/2019/04/gordon_1.jpg 2048w" sizes="(max-width: 1024px) 100vw, 1024px" /><figcaption>Gordon.W.Ever à l’Espace Culturel de La Laiterie / Cadenet (84)</figcaption></figure>



<figure class="wp-block-image"><img loading="lazy" width="768" height="1024" src="https://isabellerochemars.fr/wp-content/uploads/2019/04/gordon_2013_1_red-768x1024.jpg" alt="" class="wp-image-100" srcset="https://isabellerochemars.fr/wp-content/uploads/2019/04/gordon_2013_1_red-768x1024.jpg 768w, https://isabellerochemars.fr/wp-content/uploads/2019/04/gordon_2013_1_red-225x300.jpg 225w, https://isabellerochemars.fr/wp-content/uploads/2019/04/gordon_2013_1_red.jpg 1772w" sizes="(max-width: 768px) 100vw, 768px" /><figcaption>Mise en scène de l’Objet I au Vival / 2017</figcaption></figure>



<figure class="wp-block-image"><img loading="lazy" width="1024" height="768" src="https://isabellerochemars.fr/wp-content/uploads/2019/04/gordon_2013_5_red-1024x768.jpg" alt="" class="wp-image-101" srcset="https://isabellerochemars.fr/wp-content/uploads/2019/04/gordon_2013_5_red-1024x768.jpg 1024w, https://isabellerochemars.fr/wp-content/uploads/2019/04/gordon_2013_5_red-300x225.jpg 300w, https://isabellerochemars.fr/wp-content/uploads/2019/04/gordon_2013_5_red-768x576.jpg 768w, https://isabellerochemars.fr/wp-content/uploads/2019/04/gordon_2013_5_red.jpg 1772w" sizes="(max-width: 1024px) 100vw, 1024px" /><figcaption>Mise en scène des Objets B, E, I et F au Vival / 2017</figcaption></figure>

<p>Gordon.W.Ever est un collectif d’artistes du Sud Luberon, fondé en 2013.  Il regroupe les artistes Bérénice Molière, Estelle Moriconi, Isabelle RocheMars et Françoise Roueff Ses travaux ont été exposés : À l’Espace Culturel de La Laiterie, à Cadenet (84) en 2017 Aux Moissines, à Ansouis (84) en 2013</p>
