{"id":18,"date":"2019-04-18T15:45:02","date_gmt":"2019-04-18T13:45:02","guid":{"rendered":"http:\/\/isabelle.rochemars.free.fr\/?page_id=18"},"modified":"2022-08-24T14:29:24","modified_gmt":"2022-08-24T12:29:24","slug":"actualites","status":"publish","type":"page","link":"https:\/\/isabellerochemars.fr\/?page_id=18","title":{"rendered":"Actualit\u00e9s"},"content":{"rendered":"\n<h2><strong><em>Chroniques nannofossiles<\/em>, <\/strong>exposition<strong> <\/strong>du 23 ao\u00fbt au 24 septembre 2022<\/h2>\n\n\n\n<p>Exposition personnelle au <a href=\"https:\/\/avignon-tourisme.com\/activites\/museum-requien-musee-dhistoire-naturelle\/\" target=\"_blank\" rel=\"noreferrer noopener\">Mus\u00e9um Requien<\/a> \u00e0 Avignon (84).<\/p>\n\n\n\n<figure class=\"wp-block-image size-full\"><img loading=\"lazy\" width=\"452\" height=\"640\" src=\"https:\/\/isabellerochemars.fr\/wp-content\/uploads\/2022\/08\/2022-08-02-Affiche-exposition-Isabelle-Rochemars-1.jpeg\" alt=\"\" class=\"wp-image-428\" srcset=\"https:\/\/isabellerochemars.fr\/wp-content\/uploads\/2022\/08\/2022-08-02-Affiche-exposition-Isabelle-Rochemars-1.jpeg 452w, https:\/\/isabellerochemars.fr\/wp-content\/uploads\/2022\/08\/2022-08-02-Affiche-exposition-Isabelle-Rochemars-1-212x300.jpeg 212w\" sizes=\"(max-width: 452px) 100vw, 452px\" \/><\/figure>\n\n\n\n<hr class=\"wp-block-separator\"\/>\n\n\n\n<h2><strong>Article dans <em>Arts et sciences<\/em> n\u00b0 3<\/strong> <strong>\u00ab\u00a0<a rel=\"noreferrer noopener\" href=\"https:\/\/www.openscience.fr\/Mineral-et-ou-vivant\" target=\"_blank\">Min\u00e9ral et\/ou vivant<\/a>\u00ab\u00a0<\/strong><\/h2>\n\n\n\n<p>Mon travail est mentionn\u00e9 dans l&rsquo;article de Ruth Scheps, <em><a rel=\"noreferrer noopener\" href=\"https:\/\/www.openscience.fr\/Mineral-et-ou-vivant\" target=\"_blank\">Min\u00e9ral et\/ou vivant<\/a>,<\/em> dans <em>Arts et sciences<\/em>, n\u00b0 3, 15 juin 2022.<\/p>\n\n\n\n<hr class=\"wp-block-separator\"\/>\n\n\n\n<h2><strong>Intervention au Mucem<\/strong><\/h2>\n\n\n\n<p>Le 17 mars 2022 dans le cadre du cycle de rencontres interdisciplinaires <em><a href=\"https:\/\/www.univ-amu.fr\/fr\/public\/actualites\/save-date-lurgence-climatique-en-mediterraneeet-nous\" target=\"_blank\" rel=\"noreferrer noopener\">L&rsquo;urgence climatique en M\u00e9diterran\u00e9e&#8230; et nous<\/a><\/em> organis\u00e9e par Aix-Marseille Universit\u00e9 au Mucem \u00e0 Marseille (13)<\/p>\n\n\n\n<p>Pr\u00e9sentation des <em>Reliquaires<\/em> et des <em>Microscopiques Reliques<\/em> et exposition dans le forum du Mucem<\/p>\n\n\n\n<figure class=\"wp-block-image size-full is-resized\"><img loading=\"lazy\" src=\"https:\/\/isabellerochemars.fr\/wp-content\/uploads\/2022\/04\/MUCEM_2022.jpeg\" alt=\"\" class=\"wp-image-413\" width=\"630\" height=\"529\" srcset=\"https:\/\/isabellerochemars.fr\/wp-content\/uploads\/2022\/04\/MUCEM_2022.jpeg 572w, https:\/\/isabellerochemars.fr\/wp-content\/uploads\/2022\/04\/MUCEM_2022-300x252.jpeg 300w\" sizes=\"(max-width: 630px) 100vw, 630px\" \/><\/figure>\n\n\n\n<figure class=\"wp-block-image size-full\"><img loading=\"lazy\" width=\"640\" height=\"480\" src=\"https:\/\/isabellerochemars.fr\/wp-content\/uploads\/2022\/04\/MUCEM_2022_1.jpeg\" alt=\"\" class=\"wp-image-415\" srcset=\"https:\/\/isabellerochemars.fr\/wp-content\/uploads\/2022\/04\/MUCEM_2022_1.jpeg 640w, https:\/\/isabellerochemars.fr\/wp-content\/uploads\/2022\/04\/MUCEM_2022_1-300x225.jpeg 300w\" sizes=\"(max-width: 640px) 100vw, 640px\" \/><\/figure>\n\n\n\n<figure class=\"wp-block-image size-full\"><img loading=\"lazy\" width=\"640\" height=\"480\" src=\"https:\/\/isabellerochemars.fr\/wp-content\/uploads\/2022\/04\/MUCEM_2022_2.jpeg\" alt=\"\" class=\"wp-image-416\" srcset=\"https:\/\/isabellerochemars.fr\/wp-content\/uploads\/2022\/04\/MUCEM_2022_2.jpeg 640w, https:\/\/isabellerochemars.fr\/wp-content\/uploads\/2022\/04\/MUCEM_2022_2-300x225.jpeg 300w\" sizes=\"(max-width: 640px) 100vw, 640px\" \/><\/figure>\n\n\n\n<hr class=\"wp-block-separator\"\/>\n\n\n\n<h2><a href=\"https:\/\/www.aixenprovence.fr\/Microscopiques-reliques-d-Isabelle-RocheMars\"><strong>Microscopiques reliques<\/strong><\/a><\/h2>\n\n\n\n<p>Exposition personnelle au <a rel=\"noreferrer noopener\" aria-label=\"Mus\u00e9e des Tapisseries (s\u2019ouvre dans un nouvel onglet)\" href=\"http:\/\/www.aixenprovence.fr\/Musee-des-Tapisseries\" target=\"_blank\">Mus\u00e9e des Tapisseries<\/a> \/ <a href=\"https:\/\/www.aixenprovence.fr\/Museum-d-histoire-naturelle-1039\" target=\"_blank\" rel=\"noreferrer noopener\">Mus\u00e9um d&rsquo;Histoire Naturelle<\/a><\/p>\n\n\n\n<p>Du 13 septembre au 7 novembre 2021 \/ Aix-en-Provence (13)<\/p>\n\n\n\n<div class=\"wp-block-file\"><a href=\"https:\/\/isabellerochemars.fr\/wp-content\/uploads\/2021\/09\/MICRO_2021_depliant_webV3-1.pdf\">D\u00e9pliant de l&rsquo;exposition<\/a><a href=\"https:\/\/isabellerochemars.fr\/wp-content\/uploads\/2021\/09\/MICRO_2021_depliant_webV3-1.pdf\" class=\"wp-block-file__button\" download>T\u00e9l\u00e9charger<\/a><\/div>\n\n\n\n<p>\u00c9coutez l&rsquo;interview d&rsquo;Isabelle RocheMars sur <a rel=\"noreferrer noopener\" href=\"http:\/\/www.radiogrenouille.com\" target=\"_blank\">Radio Grenouille<\/a>, dans le cadre de la Nuit Europ\u00e9enne des Chercheurs 2021 <em>(\u00e0 1:04:30)<\/em><\/p>\n\n\n\n<div class=\"wp-block-buttons\">\n<div class=\"wp-block-button\"><a class=\"wp-block-button__link has-black-color has-text-color\" href=\"\" target=\"_blank\" rel=\"noreferrer noopener\">INTERVIEW RADIO GRENOUILLE<\/a><\/div>\n<\/div>\n\n\n\n<figure class=\"wp-block-image size-medium\"><img loading=\"lazy\" width=\"212\" height=\"300\" src=\"https:\/\/isabellerochemars.fr\/wp-content\/uploads\/2021\/09\/Depliant_1-2-212x300.jpg\" alt=\"\" class=\"wp-image-345\" srcset=\"https:\/\/isabellerochemars.fr\/wp-content\/uploads\/2021\/09\/Depliant_1-2-212x300.jpg 212w, https:\/\/isabellerochemars.fr\/wp-content\/uploads\/2021\/09\/Depliant_1-2-768x1086.jpg 768w, https:\/\/isabellerochemars.fr\/wp-content\/uploads\/2021\/09\/Depliant_1-2-724x1024.jpg 724w\" sizes=\"(max-width: 212px) 100vw, 212px\" \/><\/figure>\n\n\n\n<figure class=\"wp-block-image size-medium\"><img loading=\"lazy\" width=\"300\" height=\"212\" src=\"https:\/\/isabellerochemars.fr\/wp-content\/uploads\/2021\/09\/Depliant_3-2-300x212.jpg\" alt=\"\" class=\"wp-image-348\" srcset=\"https:\/\/isabellerochemars.fr\/wp-content\/uploads\/2021\/09\/Depliant_3-2-300x212.jpg 300w, https:\/\/isabellerochemars.fr\/wp-content\/uploads\/2021\/09\/Depliant_3-2-768x543.jpg 768w, https:\/\/isabellerochemars.fr\/wp-content\/uploads\/2021\/09\/Depliant_3-2-1024x724.jpg 1024w\" sizes=\"(max-width: 300px) 100vw, 300px\" \/><\/figure>\n\n\n\n<figure class=\"wp-block-image size-medium\"><img loading=\"lazy\" width=\"212\" height=\"300\" src=\"https:\/\/isabellerochemars.fr\/wp-content\/uploads\/2021\/09\/Depliant_2-2-212x300.jpg\" alt=\"\" class=\"wp-image-346\" srcset=\"https:\/\/isabellerochemars.fr\/wp-content\/uploads\/2021\/09\/Depliant_2-2-212x300.jpg 212w, https:\/\/isabellerochemars.fr\/wp-content\/uploads\/2021\/09\/Depliant_2-2-768x1086.jpg 768w, https:\/\/isabellerochemars.fr\/wp-content\/uploads\/2021\/09\/Depliant_2-2-724x1024.jpg 724w\" sizes=\"(max-width: 212px) 100vw, 212px\" \/><\/figure>\n\n\n\n<hr class=\"wp-block-separator\"\/>\n\n\n\n<h2><strong>\u00ab Isabelle RocheMars, 220 millions d\u2019ann\u00e9es apr\u00e8s \u00bb \/ ARTPRESS n\u00b0 490<\/strong><\/h2>\n\n\n\n<p>Un entretien d\u2019Isabelle RocheMars avec Jacqueline Caux est paru dans&nbsp;<a href=\"https:\/\/www.artpress.com\">ArtPress<\/a>, n\u00b0 490, Juillet-Ao\u00fbt 2021<\/p>\n\n\n\n<figure class=\"wp-block-image size-medium\"><img loading=\"lazy\" width=\"231\" height=\"300\" src=\"https:\/\/isabellerochemars.fr\/wp-content\/uploads\/2021\/09\/ARTPRESS_2-231x300.jpg\" alt=\"\" class=\"wp-image-371\" srcset=\"https:\/\/isabellerochemars.fr\/wp-content\/uploads\/2021\/09\/ARTPRESS_2-231x300.jpg 231w, https:\/\/isabellerochemars.fr\/wp-content\/uploads\/2021\/09\/ARTPRESS_2-790x1024.jpg 790w, https:\/\/isabellerochemars.fr\/wp-content\/uploads\/2021\/09\/ARTPRESS_2-768x996.jpg 768w, https:\/\/isabellerochemars.fr\/wp-content\/uploads\/2021\/09\/ARTPRESS_2.jpg 944w\" sizes=\"(max-width: 231px) 100vw, 231px\" \/><\/figure>\n","protected":false},"excerpt":{"rendered":"<p>Chroniques nannofossiles, exposition du 23 ao\u00fbt au 24 septembre 2022 Exposition personnelle au Mus\u00e9um Requien \u00e0 Avignon (84). Article dans Arts et sciences n\u00b0 3 \u00ab\u00a0Min\u00e9ral et\/ou vivant\u00ab\u00a0 Mon travail est mentionn\u00e9 dans l&rsquo;article de Ruth Scheps, Min\u00e9ral et\/ou vivant, dans Arts et sciences, n\u00b0 3, 15 juin 2022. Intervention au Mucem Le 17 mars<\/p>\n<p class=\"more-link-wrapper\"><a href=\"https:\/\/isabellerochemars.fr\/?page_id=18\" class=\"more-link\">Continue Reading<span class=\"screen-reader-text\"> \u00ab\u00a0Actualit\u00e9s\u00a0\u00bb<\/span><\/a><\/p>\n","protected":false},"author":1,"featured_media":0,"parent":0,"menu_order":0,"comment_status":"closed","ping_status":"closed","template":"","meta":[],"_links":{"self":[{"href":"https:\/\/isabellerochemars.fr\/index.php?rest_route=\/wp\/v2\/pages\/18"}],"collection":[{"href":"https:\/\/isabellerochemars.fr\/index.php?rest_route=\/wp\/v2\/pages"}],"about":[{"href":"https:\/\/isabellerochemars.fr\/index.php?rest_route=\/wp\/v2\/types\/page"}],"author":[{"embeddable":true,"href":"https:\/\/isabellerochemars.fr\/index.php?rest_route=\/wp\/v2\/users\/1"}],"replies":[{"embeddable":true,"href":"https:\/\/isabellerochemars.fr\/index.php?rest_route=%2Fwp%2Fv2%2Fcomments&post=18"}],"version-history":[{"count":24,"href":"https:\/\/isabellerochemars.fr\/index.php?rest_route=\/wp\/v2\/pages\/18\/revisions"}],"predecessor-version":[{"id":433,"href":"https:\/\/isabellerochemars.fr\/index.php?rest_route=\/wp\/v2\/pages\/18\/revisions\/433"}],"wp:attachment":[{"href":"https:\/\/isabellerochemars.fr\/index.php?rest_route=%2Fwp%2Fv2%2Fmedia&parent=18"}],"curies":[{"name":"wp","href":"https:\/\/api.w.org\/{rel}","templated":true}]}}